{"id":1418,"date":"2014-04-07T16:58:47","date_gmt":"2014-04-07T15:58:47","guid":{"rendered":"http:\/\/www.forde.ch\/?page_id=1418"},"modified":"2014-04-07T16:58:47","modified_gmt":"2014-04-07T15:58:47","slug":"spikehead","status":"publish","type":"page","link":"https:\/\/themontesinosfoundation.org\/forde\/archives-2\/2006-2008\/spikehead\/","title":{"rendered":"Spike\/Head"},"content":{"rendered":"<h2>IMAGES \u2013 A project by Spike Art Magazine \/ Images by Head<\/h2>\n<p>&nbsp;<\/p>\n<p>11 \u2013 26 janvier 2008<\/p>\n<p>&nbsp;<\/p>\n<p>Une exposition et une publication-fanzine en partenariat avec la Haute \u00e9cole d&rsquo;art et de design \u2013 Gen\u00e8ve (P\u00f4le Artmedia), Spike Art Magazine, Forde et OBzine.<\/p>\n<p>Commissariat en collaboration avec Daniel Baumann<br \/>Avec John Armleder, Adam Carr, Gabriele Carrozzini, Nicolas Cilin, Vincent de Roguin, Christian Egger, Sara Fernandez, Baptiste Gaillard, Cyprien Gaillard, Mario Garc\u00eda Torres, Nicolas Geiser, Liam Gillick, Nina Haab, Hans-J\u00fcrgen Hafner, Jorge de la Iglesia, Christian Kobald, Sonia Leimer, Minori Matsuoka, Selene Mauvis, Christian Mayer, Jonathan Monk, Flora Neuwirth, Eric Philippoz, Falke Pisano, Seth Price, Adrien de Quatrebarbes, Christoph Steinegger, Betty Tompkins, Rita Vitorelli et Perrine Wettstein<\/p>\n<p>&nbsp;<\/p>\n<p>Cette exposition est le second volet de l&rsquo;exposition \u00ab\u00a0IMAGES\u00a0\u00bb, organis\u00e9e par le magazine Spike \u00e0 Vienne en 2007. En collaboration avec les \u00e9tudiants du p\u00f4le Artmedia de la Haute Ecole d&rsquo;Art et de Design de Gen\u00e8ve, ce projet regroupe une publication \u00e9dit\u00e9e par OBzine et r\u00e9alis\u00e9e dans le cadre d&rsquo;un workshop qui s&rsquo;est tenu en automne 2007, ainsi qu&rsquo;une exposition en collaboration avec Forde, espace d&rsquo;art contemporain. Interrogeant les statuts des images et leur mode de r\u00e9appropriation ou de r\u00e9interpr\u00e9tation par divers artistes, cette exposition pr\u00e9sente les interventions de l&rsquo;exposition viennoise, auxquelles viennent s&rsquo;ajouter celles de jeunes artistes genevois issus de la HEAD.<\/p>\n<p>&nbsp;<\/p>\n<p>&nbsp;<\/p>\n<p><a href=\"https:\/\/themontesinosfoundation.org\/forde\/wp-content\/uploads\/2014\/04\/images1.jpg\"><img loading=\"lazy\" decoding=\"async\" class=\"aligncenter size-full wp-image-1421\" alt=\"images1\" src=\"https:\/\/themontesinosfoundation.org\/forde\/wp-content\/uploads\/2014\/04\/images1.jpg\" width=\"470\" height=\"314\" srcset=\"https:\/\/themontesinosfoundation.org\/forde\/wp-content\/uploads\/2014\/04\/images1.jpg 470w, https:\/\/themontesinosfoundation.org\/forde\/wp-content\/uploads\/2014\/04\/images1-449x300.jpg 449w, https:\/\/themontesinosfoundation.org\/forde\/wp-content\/uploads\/2014\/04\/images1-450x301.jpg 450w, https:\/\/themontesinosfoundation.org\/forde\/wp-content\/uploads\/2014\/04\/images1-300x200.jpg 300w\" sizes=\"auto, (max-width: 470px) 100vw, 470px\" \/><\/a> <a href=\"https:\/\/themontesinosfoundation.org\/forde\/wp-content\/uploads\/2014\/04\/images2.jpg\"><img loading=\"lazy\" decoding=\"async\" class=\"aligncenter size-medium wp-image-1422\" alt=\"images2\" src=\"https:\/\/themontesinosfoundation.org\/forde\/wp-content\/uploads\/2014\/04\/images2.jpg\" width=\"314\" height=\"470\" srcset=\"https:\/\/themontesinosfoundation.org\/forde\/wp-content\/uploads\/2014\/04\/images2.jpg 314w, https:\/\/themontesinosfoundation.org\/forde\/wp-content\/uploads\/2014\/04\/images2-200x300.jpg 200w\" sizes=\"auto, (max-width: 314px) 100vw, 314px\" \/><\/a> <a href=\"https:\/\/themontesinosfoundation.org\/forde\/wp-content\/uploads\/2014\/04\/images3.jpg\"><img loading=\"lazy\" decoding=\"async\" class=\"aligncenter size-medium wp-image-1423\" alt=\"images3\" src=\"https:\/\/themontesinosfoundation.org\/forde\/wp-content\/uploads\/2014\/04\/images3.jpg\" width=\"470\" height=\"314\" srcset=\"https:\/\/themontesinosfoundation.org\/forde\/wp-content\/uploads\/2014\/04\/images3.jpg 470w, https:\/\/themontesinosfoundation.org\/forde\/wp-content\/uploads\/2014\/04\/images3-449x300.jpg 449w, https:\/\/themontesinosfoundation.org\/forde\/wp-content\/uploads\/2014\/04\/images3-450x301.jpg 450w, https:\/\/themontesinosfoundation.org\/forde\/wp-content\/uploads\/2014\/04\/images3-300x200.jpg 300w\" sizes=\"auto, (max-width: 470px) 100vw, 470px\" \/><\/a> <a href=\"https:\/\/themontesinosfoundation.org\/forde\/wp-content\/uploads\/2014\/04\/images4.jpg\"><img loading=\"lazy\" decoding=\"async\" class=\"aligncenter size-medium wp-image-1424\" alt=\"images4\" src=\"https:\/\/themontesinosfoundation.org\/forde\/wp-content\/uploads\/2014\/04\/images4.jpg\" width=\"314\" height=\"470\" srcset=\"https:\/\/themontesinosfoundation.org\/forde\/wp-content\/uploads\/2014\/04\/images4.jpg 314w, https:\/\/themontesinosfoundation.org\/forde\/wp-content\/uploads\/2014\/04\/images4-200x300.jpg 200w\" sizes=\"auto, (max-width: 314px) 100vw, 314px\" \/><\/a> <a href=\"https:\/\/themontesinosfoundation.org\/forde\/wp-content\/uploads\/2014\/04\/images5.jpg\"><img loading=\"lazy\" decoding=\"async\" class=\"aligncenter size-medium wp-image-1425\" alt=\"images5\" src=\"https:\/\/themontesinosfoundation.org\/forde\/wp-content\/uploads\/2014\/04\/images5.jpg\" width=\"314\" height=\"470\" srcset=\"https:\/\/themontesinosfoundation.org\/forde\/wp-content\/uploads\/2014\/04\/images5.jpg 314w, https:\/\/themontesinosfoundation.org\/forde\/wp-content\/uploads\/2014\/04\/images5-200x300.jpg 200w\" sizes=\"auto, (max-width: 314px) 100vw, 314px\" \/><\/a><\/p>\n<p>&nbsp;<\/p>\n","protected":false},"excerpt":{"rendered":"<p>IMAGES \u2013 A project by Spike Art Magazine \/ Images by Head &nbsp; 11 \u2013 26 janvier 2008 &nbsp; Une exposition et une publication-fanzine en partenariat avec la Haute \u00e9cole d&rsquo;art et de design \u2013 Gen\u00e8ve (P\u00f4le Artmedia), Spike Art Magazine, Forde et OBzine. Commissariat en collaboration avec Daniel BaumannAvec John Armleder, Adam Carr, Gabriele [&hellip;]<\/p>\n","protected":false},"author":2,"featured_media":0,"parent":806,"menu_order":0,"comment_status":"closed","ping_status":"open","template":"","meta":{"footnotes":""},"class_list":["post-1418","page","type-page","status-publish","hentry"],"yoast_head":"<!-- This site is optimized with the Yoast SEO plugin v27.3 - https:\/\/yoast.com\/product\/yoast-seo-wordpress\/ -->\n<title>Spike\/Head - FORDE<\/title>\n<meta name=\"robots\" content=\"index, follow, max-snippet:-1, max-image-preview:large, max-video-preview:-1\" \/>\n<link rel=\"canonical\" href=\"https:\/\/themontesinosfoundation.org\/forde\/archives-2\/2006-2008\/spikehead\/\" \/>\n<meta property=\"og:locale\" content=\"fr_FR\" \/>\n<meta property=\"og:type\" content=\"article\" \/>\n<meta property=\"og:title\" content=\"Spike\/Head - FORDE\" \/>\n<meta property=\"og:description\" content=\"IMAGES \u2013 A project by Spike Art Magazine \/ Images by Head &nbsp; 11 \u2013 26 janvier 2008 &nbsp; Une exposition et une publication-fanzine en partenariat avec la Haute \u00e9cole d&rsquo;art et de design \u2013 Gen\u00e8ve (P\u00f4le Artmedia), Spike Art Magazine, Forde et OBzine. Commissariat en collaboration avec Daniel BaumannAvec John Armleder, Adam Carr, Gabriele [&hellip;]\" \/>\n<meta property=\"og:url\" content=\"https:\/\/themontesinosfoundation.org\/forde\/archives-2\/2006-2008\/spikehead\/\" \/>\n<meta property=\"og:site_name\" content=\"FORDE\" \/>\n<meta property=\"og:image\" content=\"https:\/\/themontesinosfoundation.org\/forde\/wp-content\/uploads\/2014\/04\/images1.jpg\" \/>\n\t<meta property=\"og:image:width\" content=\"470\" \/>\n\t<meta property=\"og:image:height\" content=\"314\" \/>\n\t<meta property=\"og:image:type\" content=\"image\/jpeg\" \/>\n<meta name=\"twitter:card\" content=\"summary_large_image\" \/>\n<meta name=\"twitter:label1\" content=\"Dur\u00e9e de lecture estim\u00e9e\" \/>\n\t<meta name=\"twitter:data1\" content=\"1 minute\" \/>\n<script type=\"application\/ld+json\" class=\"yoast-schema-graph\">{\"@context\":\"https:\\\/\\\/schema.org\",\"@graph\":[{\"@type\":\"WebPage\",\"@id\":\"https:\\\/\\\/themontesinosfoundation.org\\\/forde\\\/archives-2\\\/2006-2008\\\/spikehead\\\/\",\"url\":\"https:\\\/\\\/themontesinosfoundation.org\\\/forde\\\/archives-2\\\/2006-2008\\\/spikehead\\\/\",\"name\":\"Spike\\\/Head - FORDE\",\"isPartOf\":{\"@id\":\"https:\\\/\\\/themontesinosfoundation.org\\\/forde\\\/#website\"},\"primaryImageOfPage\":{\"@id\":\"https:\\\/\\\/themontesinosfoundation.org\\\/forde\\\/archives-2\\\/2006-2008\\\/spikehead\\\/#primaryimage\"},\"image\":{\"@id\":\"https:\\\/\\\/themontesinosfoundation.org\\\/forde\\\/archives-2\\\/2006-2008\\\/spikehead\\\/#primaryimage\"},\"thumbnailUrl\":\"https:\\\/\\\/themontesinosfoundation.org\\\/forde\\\/wp-content\\\/uploads\\\/2014\\\/04\\\/images1.jpg\",\"datePublished\":\"2014-04-07T15:58:47+00:00\",\"breadcrumb\":{\"@id\":\"https:\\\/\\\/themontesinosfoundation.org\\\/forde\\\/archives-2\\\/2006-2008\\\/spikehead\\\/#breadcrumb\"},\"inLanguage\":\"fr-FR\",\"potentialAction\":[{\"@type\":\"ReadAction\",\"target\":[\"https:\\\/\\\/themontesinosfoundation.org\\\/forde\\\/archives-2\\\/2006-2008\\\/spikehead\\\/\"]}]},{\"@type\":\"ImageObject\",\"inLanguage\":\"fr-FR\",\"@id\":\"https:\\\/\\\/themontesinosfoundation.org\\\/forde\\\/archives-2\\\/2006-2008\\\/spikehead\\\/#primaryimage\",\"url\":\"https:\\\/\\\/themontesinosfoundation.org\\\/forde\\\/wp-content\\\/uploads\\\/2014\\\/04\\\/images1.jpg\",\"contentUrl\":\"https:\\\/\\\/themontesinosfoundation.org\\\/forde\\\/wp-content\\\/uploads\\\/2014\\\/04\\\/images1.jpg\",\"width\":470,\"height\":314},{\"@type\":\"BreadcrumbList\",\"@id\":\"https:\\\/\\\/themontesinosfoundation.org\\\/forde\\\/archives-2\\\/2006-2008\\\/spikehead\\\/#breadcrumb\",\"itemListElement\":[{\"@type\":\"ListItem\",\"position\":1,\"name\":\"Accueil\",\"item\":\"https:\\\/\\\/themontesinosfoundation.org\\\/forde\\\/\"},{\"@type\":\"ListItem\",\"position\":2,\"name\":\"Archives\",\"item\":\"https:\\\/\\\/themontesinosfoundation.org\\\/forde\\\/archives-2\\\/\"},{\"@type\":\"ListItem\",\"position\":3,\"name\":\"2006 &#8211; 2008\",\"item\":\"https:\\\/\\\/themontesinosfoundation.org\\\/forde\\\/archives-2\\\/2006-2008\\\/\"},{\"@type\":\"ListItem\",\"position\":4,\"name\":\"Spike\\\/Head\"}]},{\"@type\":\"WebSite\",\"@id\":\"https:\\\/\\\/themontesinosfoundation.org\\\/forde\\\/#website\",\"url\":\"https:\\\/\\\/themontesinosfoundation.org\\\/forde\\\/\",\"name\":\"FORDE\",\"description\":\"2012-2014\",\"publisher\":{\"@id\":\"https:\\\/\\\/themontesinosfoundation.org\\\/forde\\\/#organization\"},\"potentialAction\":[{\"@type\":\"SearchAction\",\"target\":{\"@type\":\"EntryPoint\",\"urlTemplate\":\"https:\\\/\\\/themontesinosfoundation.org\\\/forde\\\/?s={search_term_string}\"},\"query-input\":{\"@type\":\"PropertyValueSpecification\",\"valueRequired\":true,\"valueName\":\"search_term_string\"}}],\"inLanguage\":\"fr-FR\"},{\"@type\":\"Organization\",\"@id\":\"https:\\\/\\\/themontesinosfoundation.org\\\/forde\\\/#organization\",\"name\":\"FORDE\",\"url\":\"https:\\\/\\\/themontesinosfoundation.org\\\/forde\\\/\",\"logo\":{\"@type\":\"ImageObject\",\"inLanguage\":\"fr-FR\",\"@id\":\"https:\\\/\\\/themontesinosfoundation.org\\\/forde\\\/#\\\/schema\\\/logo\\\/image\\\/\",\"url\":\"https:\\\/\\\/themontesinosfoundation.org\\\/forde\\\/wp-content\\\/uploads\\\/2014\\\/07\\\/logo-forde.png\",\"contentUrl\":\"https:\\\/\\\/themontesinosfoundation.org\\\/forde\\\/wp-content\\\/uploads\\\/2014\\\/07\\\/logo-forde.png\",\"width\":735,\"height\":734,\"caption\":\"FORDE\"},\"image\":{\"@id\":\"https:\\\/\\\/themontesinosfoundation.org\\\/forde\\\/#\\\/schema\\\/logo\\\/image\\\/\"}}]}<\/script>\n<!-- \/ Yoast SEO plugin. -->","yoast_head_json":{"title":"Spike\/Head - FORDE","robots":{"index":"index","follow":"follow","max-snippet":"max-snippet:-1","max-image-preview":"max-image-preview:large","max-video-preview":"max-video-preview:-1"},"canonical":"https:\/\/themontesinosfoundation.org\/forde\/archives-2\/2006-2008\/spikehead\/","og_locale":"fr_FR","og_type":"article","og_title":"Spike\/Head - FORDE","og_description":"IMAGES \u2013 A project by Spike Art Magazine \/ Images by Head &nbsp; 11 \u2013 26 janvier 2008 &nbsp; Une exposition et une publication-fanzine en partenariat avec la Haute \u00e9cole d&rsquo;art et de design \u2013 Gen\u00e8ve (P\u00f4le Artmedia), Spike Art Magazine, Forde et OBzine. Commissariat en collaboration avec Daniel BaumannAvec John Armleder, Adam Carr, Gabriele [&hellip;]","og_url":"https:\/\/themontesinosfoundation.org\/forde\/archives-2\/2006-2008\/spikehead\/","og_site_name":"FORDE","og_image":[{"width":470,"height":314,"url":"https:\/\/themontesinosfoundation.org\/forde\/wp-content\/uploads\/2014\/04\/images1.jpg","type":"image\/jpeg"}],"twitter_card":"summary_large_image","twitter_misc":{"Dur\u00e9e de lecture estim\u00e9e":"1 minute"},"schema":{"@context":"https:\/\/schema.org","@graph":[{"@type":"WebPage","@id":"https:\/\/themontesinosfoundation.org\/forde\/archives-2\/2006-2008\/spikehead\/","url":"https:\/\/themontesinosfoundation.org\/forde\/archives-2\/2006-2008\/spikehead\/","name":"Spike\/Head - FORDE","isPartOf":{"@id":"https:\/\/themontesinosfoundation.org\/forde\/#website"},"primaryImageOfPage":{"@id":"https:\/\/themontesinosfoundation.org\/forde\/archives-2\/2006-2008\/spikehead\/#primaryimage"},"image":{"@id":"https:\/\/themontesinosfoundation.org\/forde\/archives-2\/2006-2008\/spikehead\/#primaryimage"},"thumbnailUrl":"https:\/\/themontesinosfoundation.org\/forde\/wp-content\/uploads\/2014\/04\/images1.jpg","datePublished":"2014-04-07T15:58:47+00:00","breadcrumb":{"@id":"https:\/\/themontesinosfoundation.org\/forde\/archives-2\/2006-2008\/spikehead\/#breadcrumb"},"inLanguage":"fr-FR","potentialAction":[{"@type":"ReadAction","target":["https:\/\/themontesinosfoundation.org\/forde\/archives-2\/2006-2008\/spikehead\/"]}]},{"@type":"ImageObject","inLanguage":"fr-FR","@id":"https:\/\/themontesinosfoundation.org\/forde\/archives-2\/2006-2008\/spikehead\/#primaryimage","url":"https:\/\/themontesinosfoundation.org\/forde\/wp-content\/uploads\/2014\/04\/images1.jpg","contentUrl":"https:\/\/themontesinosfoundation.org\/forde\/wp-content\/uploads\/2014\/04\/images1.jpg","width":470,"height":314},{"@type":"BreadcrumbList","@id":"https:\/\/themontesinosfoundation.org\/forde\/archives-2\/2006-2008\/spikehead\/#breadcrumb","itemListElement":[{"@type":"ListItem","position":1,"name":"Accueil","item":"https:\/\/themontesinosfoundation.org\/forde\/"},{"@type":"ListItem","position":2,"name":"Archives","item":"https:\/\/themontesinosfoundation.org\/forde\/archives-2\/"},{"@type":"ListItem","position":3,"name":"2006 &#8211; 2008","item":"https:\/\/themontesinosfoundation.org\/forde\/archives-2\/2006-2008\/"},{"@type":"ListItem","position":4,"name":"Spike\/Head"}]},{"@type":"WebSite","@id":"https:\/\/themontesinosfoundation.org\/forde\/#website","url":"https:\/\/themontesinosfoundation.org\/forde\/","name":"FORDE","description":"2012-2014","publisher":{"@id":"https:\/\/themontesinosfoundation.org\/forde\/#organization"},"potentialAction":[{"@type":"SearchAction","target":{"@type":"EntryPoint","urlTemplate":"https:\/\/themontesinosfoundation.org\/forde\/?s={search_term_string}"},"query-input":{"@type":"PropertyValueSpecification","valueRequired":true,"valueName":"search_term_string"}}],"inLanguage":"fr-FR"},{"@type":"Organization","@id":"https:\/\/themontesinosfoundation.org\/forde\/#organization","name":"FORDE","url":"https:\/\/themontesinosfoundation.org\/forde\/","logo":{"@type":"ImageObject","inLanguage":"fr-FR","@id":"https:\/\/themontesinosfoundation.org\/forde\/#\/schema\/logo\/image\/","url":"https:\/\/themontesinosfoundation.org\/forde\/wp-content\/uploads\/2014\/07\/logo-forde.png","contentUrl":"https:\/\/themontesinosfoundation.org\/forde\/wp-content\/uploads\/2014\/07\/logo-forde.png","width":735,"height":734,"caption":"FORDE"},"image":{"@id":"https:\/\/themontesinosfoundation.org\/forde\/#\/schema\/logo\/image\/"}}]}},"_links":{"self":[{"href":"https:\/\/themontesinosfoundation.org\/forde\/wp-json\/wp\/v2\/pages\/1418","targetHints":{"allow":["GET"]}}],"collection":[{"href":"https:\/\/themontesinosfoundation.org\/forde\/wp-json\/wp\/v2\/pages"}],"about":[{"href":"https:\/\/themontesinosfoundation.org\/forde\/wp-json\/wp\/v2\/types\/page"}],"author":[{"embeddable":true,"href":"https:\/\/themontesinosfoundation.org\/forde\/wp-json\/wp\/v2\/users\/2"}],"replies":[{"embeddable":true,"href":"https:\/\/themontesinosfoundation.org\/forde\/wp-json\/wp\/v2\/comments?post=1418"}],"version-history":[{"count":0,"href":"https:\/\/themontesinosfoundation.org\/forde\/wp-json\/wp\/v2\/pages\/1418\/revisions"}],"up":[{"embeddable":true,"href":"https:\/\/themontesinosfoundation.org\/forde\/wp-json\/wp\/v2\/pages\/806"}],"wp:attachment":[{"href":"https:\/\/themontesinosfoundation.org\/forde\/wp-json\/wp\/v2\/media?parent=1418"}],"curies":[{"name":"wp","href":"https:\/\/api.w.org\/{rel}","templated":true}]}}