{"id":1389,"date":"2014-04-07T16:43:52","date_gmt":"2014-04-07T15:43:52","guid":{"rendered":"http:\/\/www.forde.ch\/?page_id=1389"},"modified":"2014-04-07T16:43:52","modified_gmt":"2014-04-07T15:43:52","slug":"claude-wampler","status":"publish","type":"page","link":"https:\/\/themontesinosfoundation.org\/forde\/archives-2\/2006-2008\/claude-wampler\/","title":{"rendered":"Claude Wampler"},"content":{"rendered":"<p>Average Groucho: Engorged consiste en une r\u00e9plique monumentale d\u2019une sculpture de plus petite dimension, Average Groucho, pr\u00e9sent\u00e9e en 2007 \u00e0 Gen\u00e8ve au Cabinet des Estampes du Mus\u00e9e d\u2019art et d\u2019histoire. Construite \u00e0 Campbell Manufacturing, une entreprise de thermoformage bas\u00e9e \u00e0 Lancaster, en Pennsylvanie, Average Groucho: Engorged est probablement la plus grande pi\u00e8ce thermoform\u00e9e r\u00e9alis\u00e9e \u00e0 ce jour. Elle est principalement compos\u00e9e de polypropyl\u00e8ne, de peinture \u00e0 l\u2019\u00e9mail, de fibre de verre, de panneau MDF, de peinture acrylique, de papier, de graphite, de coton, de caoutchouc, de lin, de cuir, d\u2019aluminium, de laine de mouton et de polyester.<\/p>\n<p>&nbsp;<\/p>\n<p>Cette oeuvre refl\u00e8te les int\u00e9r\u00eats de l\u2019artiste pour les rapports entre temporalit\u00e9, performance et objectivation ; l\u2019esth\u00e9tique de l\u2019\u00e9chec ; les th\u00e9ories de la r\u00e9ception ; ainsi que la consommation \/ r\u00e9gurgitation de l\u2019art. Wampler adresse ici la question de savoir o\u00f9 la sculpture \u2013 simultan\u00e9ment comprise comme objet et comme pratique \u2013 commence, et o\u00f9 elle finit.<\/p>\n<p>&nbsp;<\/p>\n<p>La sculpture est constitu\u00e9e de 13 \u00e9l\u00e9ments de plastique thermoform\u00e9 empil\u00e9s les uns sur les autres, chaque pi\u00e8ce rappelant une version agrandie du faux nez attach\u00e9 aux lunettes Groucho (un d\u00e9guisement tr\u00e8s populaire dans les ann\u00e9es 40). Le nez et la r\u00e9f\u00e9rence \u00e0 Groucho Marx \u00e9voquent l\u2019id\u00e9e de comique, ainsi que le d\u00e9guisement et la dissimulation. Dans le titre, le terme \u00ab average \u00bb (en fran\u00e7ais : normal, moyen) peut aussi bien se r\u00e9f\u00e9rer \u00e0 la taille qu\u2019\u00e0 l\u2019id\u00e9e de banalit\u00e9 et de quotidien.<br \/>Quant au terme \u00ab engorged \u00bb (congestionn\u00e9), il peut aussi bien \u00e9voquer en anglais l\u2019\u00e9largissement de la sculpture initiale Average Groucho, que l\u2019id\u00e9e de consommation et de saturation, permettant \u00e0 chacun-e<br \/>d\u2019interroger sa propre perception de la notion d\u2019expansion.<\/p>\n<p>&nbsp;<\/p>\n<p>Bas\u00e9e \u00e0 New York, l\u2019artiste Claude Wampler travaille \u00e0 l\u2019intersection de la performance et de l\u2019installation. Elle a \u00e9galement \u00e9t\u00e9 form\u00e9e \u00e0 la dance, au Butoh, \u00e0 l\u2019op\u00e9ra, et comme actrice. Wampler recourt \u00e0 la peinture, la photographie, la vid\u00e9o, la lumi\u00e8re, le son, la sculpture, aux costumes et au texte, pour greffer la technique de la performance sur l\u2019expression visuelle, et vice versa. Au b\u00e9n\u00e9fice d\u2019un Master en Performance Studies \u00e0 la New York University Tisch School of the Arts, Wampler a pr\u00e9sent\u00e9 son travail \u00e0 travers le monde, notamment \u00e0 Paris, Berlin, Bruxelles et Tokyo. En novembre 2006, Wampler a cr\u00e9\u00e9 la pi\u00e8ce PERFORMANCE (career ender), d\u2019abord pr\u00e9sent\u00e9e \u00e0 The Kitchen \u00e0 New York avant de voyager aux Etats-Unis, notamment au Walker Arts Center de Minneapolis en janvie 2008. Cette m\u00eame pi\u00e8ce continuera son voyage en Europe en 2009\/10. Actuellement, Claude Wampler travaille sur un projet destin\u00e9 \u00e0 la Triennale de Yokohama en septembre 2008.<\/p>\n<p>&nbsp;<\/p>\n<div>\u00a0<\/div>\n","protected":false},"excerpt":{"rendered":"<p>Average Groucho: Engorged consiste en une r\u00e9plique monumentale d\u2019une sculpture de plus petite dimension, Average Groucho, pr\u00e9sent\u00e9e en 2007 \u00e0 Gen\u00e8ve au Cabinet des Estampes du Mus\u00e9e d\u2019art et d\u2019histoire. Construite \u00e0 Campbell Manufacturing, une entreprise de thermoformage bas\u00e9e \u00e0 Lancaster, en Pennsylvanie, Average Groucho: Engorged est probablement la plus grande pi\u00e8ce thermoform\u00e9e r\u00e9alis\u00e9e \u00e0 [&hellip;]<\/p>\n","protected":false},"author":2,"featured_media":0,"parent":806,"menu_order":0,"comment_status":"closed","ping_status":"open","template":"","meta":{"footnotes":""},"class_list":["post-1389","page","type-page","status-publish","hentry"],"yoast_head":"<!-- This site is optimized with the Yoast SEO plugin v27.3 - https:\/\/yoast.com\/product\/yoast-seo-wordpress\/ -->\n<title>Claude Wampler - FORDE<\/title>\n<meta name=\"robots\" content=\"index, follow, max-snippet:-1, max-image-preview:large, max-video-preview:-1\" \/>\n<link rel=\"canonical\" href=\"https:\/\/themontesinosfoundation.org\/forde\/archives-2\/2006-2008\/claude-wampler\/\" \/>\n<meta property=\"og:locale\" content=\"fr_FR\" \/>\n<meta property=\"og:type\" content=\"article\" \/>\n<meta property=\"og:title\" content=\"Claude Wampler - FORDE\" \/>\n<meta property=\"og:description\" content=\"Average Groucho: Engorged consiste en une r\u00e9plique monumentale d\u2019une sculpture de plus petite dimension, Average Groucho, pr\u00e9sent\u00e9e en 2007 \u00e0 Gen\u00e8ve au Cabinet des Estampes du Mus\u00e9e d\u2019art et d\u2019histoire. Construite \u00e0 Campbell Manufacturing, une entreprise de thermoformage bas\u00e9e \u00e0 Lancaster, en Pennsylvanie, Average Groucho: Engorged est probablement la plus grande pi\u00e8ce thermoform\u00e9e r\u00e9alis\u00e9e \u00e0 [&hellip;]\" \/>\n<meta property=\"og:url\" content=\"https:\/\/themontesinosfoundation.org\/forde\/archives-2\/2006-2008\/claude-wampler\/\" \/>\n<meta property=\"og:site_name\" content=\"FORDE\" \/>\n<meta property=\"og:image\" content=\"https:\/\/themontesinosfoundation.org\/forde\/wp-content\/uploads\/2014\/07\/logo-forde.png\" \/>\n\t<meta property=\"og:image:width\" content=\"735\" \/>\n\t<meta property=\"og:image:height\" content=\"734\" \/>\n\t<meta property=\"og:image:type\" content=\"image\/png\" \/>\n<meta name=\"twitter:card\" content=\"summary_large_image\" \/>\n<meta name=\"twitter:label1\" content=\"Dur\u00e9e de lecture estim\u00e9e\" \/>\n\t<meta name=\"twitter:data1\" content=\"2 minutes\" \/>\n<script type=\"application\/ld+json\" class=\"yoast-schema-graph\">{\"@context\":\"https:\\\/\\\/schema.org\",\"@graph\":[{\"@type\":\"WebPage\",\"@id\":\"https:\\\/\\\/themontesinosfoundation.org\\\/forde\\\/archives-2\\\/2006-2008\\\/claude-wampler\\\/\",\"url\":\"https:\\\/\\\/themontesinosfoundation.org\\\/forde\\\/archives-2\\\/2006-2008\\\/claude-wampler\\\/\",\"name\":\"Claude Wampler - FORDE\",\"isPartOf\":{\"@id\":\"https:\\\/\\\/themontesinosfoundation.org\\\/forde\\\/#website\"},\"datePublished\":\"2014-04-07T15:43:52+00:00\",\"breadcrumb\":{\"@id\":\"https:\\\/\\\/themontesinosfoundation.org\\\/forde\\\/archives-2\\\/2006-2008\\\/claude-wampler\\\/#breadcrumb\"},\"inLanguage\":\"fr-FR\",\"potentialAction\":[{\"@type\":\"ReadAction\",\"target\":[\"https:\\\/\\\/themontesinosfoundation.org\\\/forde\\\/archives-2\\\/2006-2008\\\/claude-wampler\\\/\"]}]},{\"@type\":\"BreadcrumbList\",\"@id\":\"https:\\\/\\\/themontesinosfoundation.org\\\/forde\\\/archives-2\\\/2006-2008\\\/claude-wampler\\\/#breadcrumb\",\"itemListElement\":[{\"@type\":\"ListItem\",\"position\":1,\"name\":\"Accueil\",\"item\":\"https:\\\/\\\/themontesinosfoundation.org\\\/forde\\\/\"},{\"@type\":\"ListItem\",\"position\":2,\"name\":\"Archives\",\"item\":\"https:\\\/\\\/themontesinosfoundation.org\\\/forde\\\/archives-2\\\/\"},{\"@type\":\"ListItem\",\"position\":3,\"name\":\"2006 &#8211; 2008\",\"item\":\"https:\\\/\\\/themontesinosfoundation.org\\\/forde\\\/archives-2\\\/2006-2008\\\/\"},{\"@type\":\"ListItem\",\"position\":4,\"name\":\"Claude Wampler\"}]},{\"@type\":\"WebSite\",\"@id\":\"https:\\\/\\\/themontesinosfoundation.org\\\/forde\\\/#website\",\"url\":\"https:\\\/\\\/themontesinosfoundation.org\\\/forde\\\/\",\"name\":\"FORDE\",\"description\":\"2012-2014\",\"publisher\":{\"@id\":\"https:\\\/\\\/themontesinosfoundation.org\\\/forde\\\/#organization\"},\"potentialAction\":[{\"@type\":\"SearchAction\",\"target\":{\"@type\":\"EntryPoint\",\"urlTemplate\":\"https:\\\/\\\/themontesinosfoundation.org\\\/forde\\\/?s={search_term_string}\"},\"query-input\":{\"@type\":\"PropertyValueSpecification\",\"valueRequired\":true,\"valueName\":\"search_term_string\"}}],\"inLanguage\":\"fr-FR\"},{\"@type\":\"Organization\",\"@id\":\"https:\\\/\\\/themontesinosfoundation.org\\\/forde\\\/#organization\",\"name\":\"FORDE\",\"url\":\"https:\\\/\\\/themontesinosfoundation.org\\\/forde\\\/\",\"logo\":{\"@type\":\"ImageObject\",\"inLanguage\":\"fr-FR\",\"@id\":\"https:\\\/\\\/themontesinosfoundation.org\\\/forde\\\/#\\\/schema\\\/logo\\\/image\\\/\",\"url\":\"https:\\\/\\\/themontesinosfoundation.org\\\/forde\\\/wp-content\\\/uploads\\\/2014\\\/07\\\/logo-forde.png\",\"contentUrl\":\"https:\\\/\\\/themontesinosfoundation.org\\\/forde\\\/wp-content\\\/uploads\\\/2014\\\/07\\\/logo-forde.png\",\"width\":735,\"height\":734,\"caption\":\"FORDE\"},\"image\":{\"@id\":\"https:\\\/\\\/themontesinosfoundation.org\\\/forde\\\/#\\\/schema\\\/logo\\\/image\\\/\"}}]}<\/script>\n<!-- \/ Yoast SEO plugin. -->","yoast_head_json":{"title":"Claude Wampler - FORDE","robots":{"index":"index","follow":"follow","max-snippet":"max-snippet:-1","max-image-preview":"max-image-preview:large","max-video-preview":"max-video-preview:-1"},"canonical":"https:\/\/themontesinosfoundation.org\/forde\/archives-2\/2006-2008\/claude-wampler\/","og_locale":"fr_FR","og_type":"article","og_title":"Claude Wampler - FORDE","og_description":"Average Groucho: Engorged consiste en une r\u00e9plique monumentale d\u2019une sculpture de plus petite dimension, Average Groucho, pr\u00e9sent\u00e9e en 2007 \u00e0 Gen\u00e8ve au Cabinet des Estampes du Mus\u00e9e d\u2019art et d\u2019histoire. Construite \u00e0 Campbell Manufacturing, une entreprise de thermoformage bas\u00e9e \u00e0 Lancaster, en Pennsylvanie, Average Groucho: Engorged est probablement la plus grande pi\u00e8ce thermoform\u00e9e r\u00e9alis\u00e9e \u00e0 [&hellip;]","og_url":"https:\/\/themontesinosfoundation.org\/forde\/archives-2\/2006-2008\/claude-wampler\/","og_site_name":"FORDE","og_image":[{"width":735,"height":734,"url":"https:\/\/themontesinosfoundation.org\/forde\/wp-content\/uploads\/2014\/07\/logo-forde.png","type":"image\/png"}],"twitter_card":"summary_large_image","twitter_misc":{"Dur\u00e9e de lecture estim\u00e9e":"2 minutes"},"schema":{"@context":"https:\/\/schema.org","@graph":[{"@type":"WebPage","@id":"https:\/\/themontesinosfoundation.org\/forde\/archives-2\/2006-2008\/claude-wampler\/","url":"https:\/\/themontesinosfoundation.org\/forde\/archives-2\/2006-2008\/claude-wampler\/","name":"Claude Wampler - FORDE","isPartOf":{"@id":"https:\/\/themontesinosfoundation.org\/forde\/#website"},"datePublished":"2014-04-07T15:43:52+00:00","breadcrumb":{"@id":"https:\/\/themontesinosfoundation.org\/forde\/archives-2\/2006-2008\/claude-wampler\/#breadcrumb"},"inLanguage":"fr-FR","potentialAction":[{"@type":"ReadAction","target":["https:\/\/themontesinosfoundation.org\/forde\/archives-2\/2006-2008\/claude-wampler\/"]}]},{"@type":"BreadcrumbList","@id":"https:\/\/themontesinosfoundation.org\/forde\/archives-2\/2006-2008\/claude-wampler\/#breadcrumb","itemListElement":[{"@type":"ListItem","position":1,"name":"Accueil","item":"https:\/\/themontesinosfoundation.org\/forde\/"},{"@type":"ListItem","position":2,"name":"Archives","item":"https:\/\/themontesinosfoundation.org\/forde\/archives-2\/"},{"@type":"ListItem","position":3,"name":"2006 &#8211; 2008","item":"https:\/\/themontesinosfoundation.org\/forde\/archives-2\/2006-2008\/"},{"@type":"ListItem","position":4,"name":"Claude Wampler"}]},{"@type":"WebSite","@id":"https:\/\/themontesinosfoundation.org\/forde\/#website","url":"https:\/\/themontesinosfoundation.org\/forde\/","name":"FORDE","description":"2012-2014","publisher":{"@id":"https:\/\/themontesinosfoundation.org\/forde\/#organization"},"potentialAction":[{"@type":"SearchAction","target":{"@type":"EntryPoint","urlTemplate":"https:\/\/themontesinosfoundation.org\/forde\/?s={search_term_string}"},"query-input":{"@type":"PropertyValueSpecification","valueRequired":true,"valueName":"search_term_string"}}],"inLanguage":"fr-FR"},{"@type":"Organization","@id":"https:\/\/themontesinosfoundation.org\/forde\/#organization","name":"FORDE","url":"https:\/\/themontesinosfoundation.org\/forde\/","logo":{"@type":"ImageObject","inLanguage":"fr-FR","@id":"https:\/\/themontesinosfoundation.org\/forde\/#\/schema\/logo\/image\/","url":"https:\/\/themontesinosfoundation.org\/forde\/wp-content\/uploads\/2014\/07\/logo-forde.png","contentUrl":"https:\/\/themontesinosfoundation.org\/forde\/wp-content\/uploads\/2014\/07\/logo-forde.png","width":735,"height":734,"caption":"FORDE"},"image":{"@id":"https:\/\/themontesinosfoundation.org\/forde\/#\/schema\/logo\/image\/"}}]}},"_links":{"self":[{"href":"https:\/\/themontesinosfoundation.org\/forde\/wp-json\/wp\/v2\/pages\/1389","targetHints":{"allow":["GET"]}}],"collection":[{"href":"https:\/\/themontesinosfoundation.org\/forde\/wp-json\/wp\/v2\/pages"}],"about":[{"href":"https:\/\/themontesinosfoundation.org\/forde\/wp-json\/wp\/v2\/types\/page"}],"author":[{"embeddable":true,"href":"https:\/\/themontesinosfoundation.org\/forde\/wp-json\/wp\/v2\/users\/2"}],"replies":[{"embeddable":true,"href":"https:\/\/themontesinosfoundation.org\/forde\/wp-json\/wp\/v2\/comments?post=1389"}],"version-history":[{"count":0,"href":"https:\/\/themontesinosfoundation.org\/forde\/wp-json\/wp\/v2\/pages\/1389\/revisions"}],"up":[{"embeddable":true,"href":"https:\/\/themontesinosfoundation.org\/forde\/wp-json\/wp\/v2\/pages\/806"}],"wp:attachment":[{"href":"https:\/\/themontesinosfoundation.org\/forde\/wp-json\/wp\/v2\/media?parent=1389"}],"curies":[{"name":"wp","href":"https:\/\/api.w.org\/{rel}","templated":true}]}}